w(i). Determine a(-4).
14
Let p = 387 + -387. Let n(v) be the third derivative of -v**4/24 - v**3/2 + 2*v**2. Calculate n(p).
-3
Let t be 0*(-1)/2*-1. Let n(m) = t*m**2 + m**3 + m**2 + 936 - 953. Give n(0).
-17
Let y(a) = -a**3 - 21*a**2 - 2*a - 531. Let v be y(-22). Let x(m) = -6*m + 4. What is x(v)?
22
Suppose 3*w = -5*o + 5, 5*w - 54 + 21 = 4*o. Let r(q) = -10*q + 4. What is r(o)?
24
Let h(b) = b**2 - 6*b + 6. Let k be h(4). Let n = k + 1. Let d(z) = 1 + 4*z + 0 - 2*z - z. Give d(n).
0
Suppose 0*s = -5*v - 2*s - 82, -3*v - 74 = -5*s. Let q = -13 - v. Let j(a) = -a**3 + 6*a**2 - 6*a - 1. Give j(q).
-6
Let v(m) = -m - 3. Let n be v(-3). Let a be (-40)/24*(n - 18). Suppose 4*u + u - a = 0. Let x(t) = t**3 - 5*t**2 - 6*t - 2. Calculate x(u).
-2
Let i(s) be the second derivative of -13*s**3/6 + s**2/2 - s. Suppose -a - 7 = 2*a + 5*m, 3*a = 4*m + 11. Give i(a).
-12
Let s be (-1 - 0/1)*3. Let a(l) be the second derivative of -l**5/20 - l**4/4 - l**3/3 + l**2 - 149*l. Determine a(s).
8
Suppose 0*x - x - 3*n = -4, -3*x = 3*n + 12. Let d be 12/x*32/(-12). Suppose 0 = o - d*q + 13 - 6, 0 = q. Let y(m) = m + 1. Give y(o).
-6
Let m(u) = -7*u**3 + 5*u**2 + 8*u - 1. Let v(l) = -13*l**3 + 10*l**2 + 16*l - 3. Let c(j) = 11*m(j) - 6*v(j). Let w be 24/2*(-3)/(-6). Calculate c(w).
-5
Let i(c) = -27*c**3 + 25*c**2 + 81*c - 50. Let u(m) = -10*m**3 + 8*m**2 + 27*m - 17. Let w(l) = -3*i(l) + 8*u(l). Determine w(13).
1
Let u(r) = -r**2 + r - 1. Let t be -1*(7 - 12/3). Let v be (t + (-3)/(-1))/2. Suppose w + 3 = -v. Calculate u(w).
-13
Suppose 9*l = 5 + 31. Suppose -t + l = -4*k + 27, 5*k = -4*t + 13. Let i(r) = -2*r**2 - r - 3. Determine i(t).
-18
Let k(h) = -8*h + 7 + 7 - 4 + h**3 + 8*h**2. Suppose o = -3*l - 7 - 16, -4*o = -16. What is k(l)?
1
Suppose 26 = -2*q + 3*y - 7*y, -5 = 5*y. Let x = q - -14. Let c(k) = -k**3 + k**2 - 2*k. What is c(x)?
-24
Let l(a) = a**3 - 9*a**2 + 2*a - 2. Let s = 65 - 72. Let q(o) = o**3 - 9*o**2 + 3*o - 3. Let f(b) = s*q(b) + 6*l(b). What is f(8)?
1
Suppose -36 = -5*c + 3*s, c - 2 = -2*s - 0. Let d(q) = -1642*q + q**3 + 1641*q + c - 8*q**2 + 1. What is d(8)?
-1
Let d(u) = 3*u. Let y(p) = p - 4. Let w be y(4). Suppose -g + 0*g + 7 = s, -5*s + 25 = 0. Suppose 3*z + 2*l - 2 - 9 = w, 4*z = g*l - 4. What is d(z)?
3
Let u be (-832)/(-143) + 8/44. Let h(s) = s**3 - 7*s**2 + 6*s - 7. Determine h(u).
-7
Let o(h) = -3*h**2 + 11*h + 5. Let m(w) = -w - 1. Let l(i) = -2*i**2 + 5*i + 1. Let n(g) = l(g) - 2*m(g). Let a(d) = -8*n(d) + 5*o(d). Calculate a(-3).
13
Suppose 6 = -4*q - 2, -4*q = -4*f + 24. Let h(k) be the second derivative of -k**3 - k**2/2 + 495*k. Determine h(f).
-25
Let q(m) be the second derivative of -m**7/840 + 7*m**6/360 - m**5/20 - 5*m**4/24 + 2*m**3/3 - 19*m. Let r(x) be the second derivative of q(x). Calculate r(5).
15
Let f(p) = p**3 + 9*p**2 + 11*p + 10. Suppose -2*y + 36 = -4*w - y, -y = 2*w + 12. What is f(w)?
-14
Let g(r) = r**3 + r**2 - 7*r + 1. Let h(n) = n**2 - n. Let w(m) = g(m) - 3*h(m). Determine w(4).
17
Let c(b) = -b**2 + 7*b - 6. Suppose -3*a + 3*w + 18 = 0, 3*a + 4*w = a + 18. Calculate c(a).
-6
Let l(y) = -y**2 + 3*y - 2. Let h(i) = i - 15. Let u = 33 + -21. Let r(o) = -o**2 + 11*o + 29. Let t be r(u). Let x be h(t). What is l(x)?
0
Suppose -63*f + 39 - 165 = 0. Let z(q) = -5*q - 9. What is z(f)?
1
Let d(r) = 45*r + 11*r**3 - 45*r + 8*r**3 + 3 - 18*r**3. What is d(4)?
67
Let m(b) = 0*b + 6 + 3 + b + b. Calculate m(-7).
-5
Let c(s) = s**3 + 3*s**2 - 3*s + 4. Let k be -3 - 2*(-9)/6. Suppose k = -17*m + 13*m + 20. Suppose -q - 4 = 2*r, -m*q + 3*r - 20 = -0*q. Determine c(q).
0
Let y(r) = -13*r**3 - 11*r**2 - 8*r + 17. Let d(a) = 3*a**3 + 3*a**2 + 2*a - 4. Let p(i) = 9*d(i) + 2*y(i). What is p(-3)?
10
Let t(m) = -m**2 - 20*m - 41. Let o be t(-17). Let f(p) = -p**2 + 11*p + 1. Calculate f(o).
11
Let a(h) = -h**3 - 14*h**2 - 13*h - 4. Let v be a(-13). Let b(x) be the first derivative of 2*x**3/3 + 3*x**2 + 3*x - 2. Calculate b(v).
11
Let k(f) = f**3 + 8*f**2 - 11*f - 26. Let q be k(-9). Let m(y) = y**3 + 7*y**2 - 8*y + 3. Give m(q).
3
Let x(q) = -5*q + 7. Suppose 0 = 12*y - 23*y + 55. Calculate x(y).
-18
Let k(n) be the second derivative of n**5/10 - n**4/4 + n**3/3 - 3*n**2/2 - n. Let g = -13 + 32. Let i = g - 17. Determine k(i).
5
Let u(r) be the first derivative of r**6/120 - r**5/15 + r**4/24 + r**3/3 + 39*r**2/2 + 19. Let z(d) be the second derivative of u(d). Calculate z(3).
-4
Let l(u) = -3*u - 4*u + 0*u + 6*u + 14. Calculate l(-10).
24
Let z(l) = l**3 + 6*l**2 + l + 11. Let k be z(-6). Suppose 30 = k*d + 20. Let q(j) = -5*j + 1. Calculate q(d).
-9
Let w(o) = 1. Let x(q) = q + 6. Let f be (-5)/(1 - -1 - 1). Let j(k) = f*w(k) + x(k). Suppose -9*m + 16 = -5*m. Give j(m).
5
Let p = -193 - -73. Let l = 111 + p. Let r(a) = a + 12. Give r(l).
3
Let n(u) be the third derivative of u**6/120 - u**5/15 - u**4/8 + 2*u**3/3 - 19*u**2 - 6. Give n(4).
-8
Let l(n) be the first derivative of -n**6/72 + n**4/24 + 4*n**3 - 18. Let f(h) be the third derivative of l(h). Calculate f(-1).
-4
Let b = -4 + 2. Let g be (3/b)/((-3)/(-6)). Let i(j) = -16*j + 31. Let c(a) = -3*a + 6. Let x(w) = -11*c(w) + 2*i(w). Give x(g).
-7
Let v(w) = -14*w**2 + 6*w - 36. Let y(d) = -2*d**2 - 6. Let p(f) = -v(f) + 6*y(f). Let k = 5 + -1. Calculate p(k).
8
Let p be ((-6)/(2 + -3))/((-5)/(-105)). Let n = p + -124. Let x(q) = 7*q - 1 - 1 + 3. Give x(n).
15
Let q(n) = -3*n + 5*n + 0*n - 4*n - 6. What is q(-6)?
6
Let x be -2 + 20/2 + -3. Let u be (6/x)/(18/60). Let y(b) = 3 - 1 - u + 3 - b. What is y(0)?
1
Suppose -5*q + 48 = -4*b, -4*b = -4*q + 9*q + 8. Let k(h) be the second derivative of h**4/12 + 5*h**3/6 - 3*h**2 - 13*h. Calculate k(b).
8
Let q be (8 - 6)/(3/6). Suppose 3*y - 18 = -3*p, 4*y - 3*p + 6 = 3*y. Let n(c) = 9 - c + 5*c - q - y*c. Determine n(-6).
-1
Let c be (-2)/(((-24)/76)/3). Let w = c + -16. Let f(t) = -w - 6*t - t**2 + 0 - 5. Give f(-6).
-8
Let v = -6 - -8. Suppose -14 = -2*i - v*c, -3*i - c = c - 17. Let a(p) = 4*p + i*p - p - 9*p. Determine a(-1).
3
Let z(q) = 6*q + 12. Let v(g) = g + 2. Let k(p) = -5*v(p) + z(p). Let m(a) = a**2 - 7*a - 8. Let o be m(7). Calculate k(o).
-6
Let q(m) = 6*m + 21*m**2 - 31*m**2 + 3 + 2*m**2 + m**3 + 7. Calculate q(7).
3
Let z(t) = t + 8. Let q = -23 + 43. Suppose -q = -2*p + 26. Let n = 17 - p. Give z(n).
2
Let z(l) = l**3 + 3*l**2 - 4*l + 2. Suppose -20 = 5*d + a, 5*a + 12 + 0 = -3*d. Give z(d).
2
Let g(s) = -s**3 - 5*s**2 - 6*s. Let t be (((-1248)/(-36))/(-13))/((-4)/(-6)). Determine g(t).
8
Suppose 0*n - 10 = 5*n. Let f(d) = 1 + d**3 + 3*d**2 + 13 + 1 - 10 - 6 + d. Determine f(n).
1
Let f(j) = -2*j - 15. Let o be (-262)/16 - 168/(-448). Calculate f(o).
17
Let b(c) = -13*c - 17. Let a(i) = -3*i + 3*i + 4 + 3*i. Let d(v) = -18*a(v) - 4*b(v). Suppose 2*m - 8 = -0, 2*m - 24 = 4*r. What is d(r)?
4
Let d(h) = -3*h + 2. Let n(b) = -6*b + 3. Let o(i) = -5*d(i) + 2*n(i). Let l(u) = u - 17 + 31 - 13. Let z(x) = -4*l(x) + o(x). Calculate z(0).
-8
Let p(t) = -11*t - 42 - 49 + 95. What is p(-3)?
37
Let b(g) = -g**3 + 14*g**2 - 13*g + 2. Let q be (-11)/(1/(-1)) - (-118 + 116). What is b(q)?
2
Let x(y) = y**2 + 7*y + 6. Let s(r) = -r**3 - 4*r**2 + 8*r + 10. Let a be s(-5). Give x(a).
-4
Let g(m) = 161 + 4*m**2 - 319 + 160 + m**3 + m. Determine g(-4).
-2
Let s(q) = -642*q**3 + 1281*q**3 - 12 + 4*q + 13*q**2 - 640*q**3. Calculate s(13).
40
Let z(v) = 3*v**2 + v - 2. Let p be z(3). Let t(r) = 27 + 2*r**2 + 8*r**2 - p - 3*r**2. What is t(1)?
6
Suppose -3*a = 33*a + 540. Let s(o) = o**3 + 16*o**2 + 12*o - 8. Give s(a).
37
Let w(l) be the first derivative of -5*l**2 + l + 175. Let b be -2*(-1)/(-14)*-7. Calculate w(b).
-9
Let q = -3 + 4. Let y = -3 + q. Let i(u) = -4*u + 39 - 14 - u - 13 - 14. What is i(y)?
8
Let c(l) = -28*l**3 - 8*l - 13. Let t(u) = 27*u**3 + 7*u + 11. Let j(h) = 5*c(h) + 6*t(h). Determine j(-1).
-23
Let n(c) = -5*c**3 + 6*c + 2. Let p = 22 - 23. Let x(w) = w**3 - w. Let z(g) = p*n(g) - 4*x(g). Give z(-2).
-6
Let u(m) be the second derivative of -16*m + 0 - 2/3*m**3 + 0*m**2. What is u(-1)?
4
Suppose 7*x + x = -136. Let z(p) = -3*p**3 - 35*p**2 + 38*p + 23. Let t(y) = -y**3 - 12*y**2 + 13*y + 8. Let l(j) = x*t(j) + 6*z(j). Calculate l(-7).
2
Let n(b) = 0*b + 2*b - b - b**2 - 1. Let a(t) = t**3 + 11